ppose -2*h + 5*i + 653 + 246 = 0, i = 3. Suppose l + 2*j - h = 0, 2*j - 5*j = -5*l + 2233. Is l prime?
True
Let n = 54 + -51. Suppose -3*s - 1922 = -7*s - n*v, 2*s = -3*v + 964. Is s a composite number?
False
Suppose 8*x + 3*x = -5*g + 1026974, -373421 = -4*x + 3*g. Is x a prime number?
False
Suppose 134 + 61 = 13*r. Let i(s) = -r - 21*s**2 - 6*s + 12*s**3 + 20*s**2 + 5*s**2. Is i(4) a composite number?
True
Suppose 3*c - 1639 = 14936. Suppose -8*s = -37069 + c. Is s composite?
False
Suppose b - i + 4*i = -2399, 9566 = -4*b - 2*i. Let x = 5667 + b. Suppose 0 = -8*a + 26181 - x. Is a composite?
True
Let q(y) = 11*y**2 + 4*y - 1. Let i be 0 - (8/4)/(-2). Let v be q(i). Suppose -v*f + 259 = -13*f. Is f a prime number?
False
Let k(v) = -27*v + 52*v**2 + 28*v**2 - 64*v**2 - 74. Is k(-20) composite?
True
Let f = -135 + 135. Is (f - -1) + (-3 - -8 - -907) prime?
False
Is 6/15 + (-28849122)/(-270) composite?
True
Let q be 5764/11*(2 + -5 + 2). Suppose d = 1038 + 453. Let n = q + d. Is n a composite number?
False
Let i(m) = -6*m**2 - 41*m + 8. Let n be i(-7). Let j(b) = 615*b**3 - 5*b**2 + 3*b. Is j(n) a composite number?
False
Suppose 951862 = -25*x + 63*x. Is x prime?
False
Suppose 2*u = -0*f - 3*f + 17, 2*f - 12 = -2*u. Let x(h) = 7*h**3 + 2*h**2 - 3*h - 9. Is x(f) a prime number?
False
Suppose -5*b + 70050 = -3160. Is b composite?
True
Let m be (3 + (-285)/6)*-32. Suppose -6*p + m + 118 = 0. Is p a prime number?
True
Suppose -150 = -5*d + 3*g, d + g + 3*g - 53 = 0. Let w(j) = 3 + 3*j**2 - d*j + 27*j - 1. Is w(9) prime?
True
Suppose 25*p - 16971 = 3*p + 1456171. Is p composite?
True
Let i(y) = -y**2 - 41*y - 181. Let m be i(-5). Let p be 10/14 + 4/14. Is m + -1 - p - -182 prime?
True
Let n(j) = -10*j**2 - 33*j - 4. Let l(z) = -3*z**2 + 9*z - 19. Let f be l(3). Let w be n(f). Let i = -1836 - w. Is i prime?
True
Suppose 4*h = -4*a + 8, 0 = 3*h - a - 17 - 1. Is ((-15646)/(-8) - (-29)/116) + h prime?
False
Let g = 34906 - -165265. Is g prime?
True
Is (-2 - 8/(-3)) + -13*229197/(-9) prime?
True
Let m(f) = 16*f - 17. Let p be m(2). Let r(v) = -v**3 + 21*v**2 - 14*v + 34. Is r(p) composite?
True
Let k be (-1426)/161 + 6/7. Is (7835 - -57)*(-10)/k a composite number?
True
Let r be (-7)/(-28)*-2 - (-14)/4. Is (1639*r - -1)*(-19)/(-38) a composite number?
False
Is (27054 - -5) + 12*(-6 + (-22)/(-4)) a composite number?
True
Let l(g) = 14*g - 13. Let r be l(7). Let k = r - 330. Let q = -148 - k. Is q prime?
True
Let k(d) = -18*d - 179. Let v be k(-12). Suppose v*j + 26560 = 104223. Is j a prime number?
True
Suppose -2*u + 288833 + 459741 = 0. Is u a composite number?
False
Suppose -10*t + 7*t - 41089 + 109294 = 0. Is t a composite number?
True
Suppose 0 = i - 3 - 2. Let m(n) = 22*n - 21 + 60*n**2 - 36*n + 18*n. Is m(i) prime?
True
Suppose 370*u = 505*u - 61380855. Is u a composite number?
False
Suppose 0 = -175*u + 13719350 + 12648075. Is u prime?
False
Let p(n) = -19 + 3*n + n**2 - 6*n - 7*n + 0*n. Let i be p(12). Suppose 4*j - 4302 = -i*x + 4949, 3*x - 5521 = 5*j. Is x composite?
False
Suppose -7*s - 190261 = -22*s + 246254. Is s a prime number?
True
Suppose -104*u + 210*u = 108*u - 116338. Is u a composite number?
False
Let u(v) be the third derivative of 0*v**4 + 0 + 7/12*v**5 - 4/3*v**3 + 0*v - 5*v**2. Is u(-3) prime?
True
Let t(h) = -4*h - 1. Let v(l) = 220*l + 29. Let w(j) = -6*t(j) + v(j). Is w(3) prime?
False
Let j(r) = r + 14. Suppose -o - 19 = -7. Let k be j(o). Suppose k + 13 = 3*g, 2*n - g - 3589 = 0. Is n composite?
True
Let p = 700 + -1346. Suppose 0 = -7*c - 494 + 1943. Let i = c - p. Is i a prime number?
True
Suppose -3 = -4*s + 13. Suppose 1560 = -4*o - s*o. Let z = -34 - o. Is z composite?
True
Is (-156)/780 + 1576222/10 + 5*1 composite?
False
Let x(b) = 196*b**2 + 2*b - 1. Let f be x(-2). Let s(k) = 98*k**2 - 70*k - 144. Let o be s(-2). Let g = f - o. Is g prime?
False
Let b = 19 + -7. Suppose -4*j + 3*n + 16 = 7*n, 0 = -5*j + 3*n + b. Suppose -v + 582 = j*i + 85, 2461 = 5*v + 3*i. Is v a prime number?
True
Let r = 48 - 48. Suppose r = 6*l - 1770 - 192. Is l composite?
True
Let z be (350/(-75))/(-2*(-2)/(-12)). Let m(l) = 6*l**2 - 28*l + 13. Is m(z) composite?
False
Let b be (-18)/4*-4*98. Let d = 2759 - b. Is d composite?
True
Let c = 1505 + -2404. Let p = c + 6168. Is p prime?
False
Let c = -1120735 + 2872112. Is c a composite number?
False
Let k = -816 - -923. Suppose k*b + 16147 = 3*l + 108*b, -3*l - 4*b + 16141 = 0. Is l composite?
True
Suppose -4*h + 54 = -5*v, 5*h - 8*v - 65 = -3*v. Suppose 3*f = -5*t + 2 - 32, -3*t + 4*f + h = 0. Is -3*(-1 + 304/t) a composite number?
False
Let u be (10 + -1)/((-8205)/(-2734) - 3). Let y = u + -5623. Is y prime?
True
Suppose 19 - 4 = 3*c. Suppose 3*a = 4*o - 18230, 0 = c*o - 2*a - 29041 + 6250. Suppose -5*b + 2*r = -6305, -4*b - 2*r + o + 485 = 0. Is b prime?
False
Let z(v) = v**2 + 29*v + 269131. Is z(0) composite?
False
Suppose 168*a - 29925 = 163*a. Let g = a + -2224. Is g composite?
False
Suppose 114*a - 129076386 = -0*a. Is a prime?
True
Suppose 27*v - 5884651 = 1488376 + 1410586. Is v a prime number?
True
Let s = 11 - 6. Suppose -36*g + s = -35*g. Suppose -o = 3 + 2, -3415 = -g*q + 4*o. Is q a composite number?
True
Let p(o) = -4*o - 57. Suppose 0 = -11*d + 8*d - 45. Let z be p(d). Suppose -1465 = z*h - 8*h. Is h a prime number?
True
Let p(b) = -58*b**3 - 12*b**2 + 25*b + 34. Is p(-9) a prime number?
False
Is 31241 - (692/1557)/(0 + (-2)/9) a composite number?
True
Let s(h) = -23 + 9 + 10 - 161*h - 25. Is s(-12) a composite number?
True
Let c = -184199 - -24837. Is c/21*(-9)/6 a composite number?
False
Is ((-137)/(-4))/(139/184036) a composite number?
True
Let g = 19933 + -11880. Is g composite?
False
Let t(f) = 3641*f**2 - 4*f. Is t(1) a prime number?
True
Let t = 114 - 75. Suppose t*u = 41*u - 594. Suppose 5*r - 1768 - u = 0. Is r prime?
False
Suppose -1742*d + 1726*d + 22457648 = 0. Is d composite?
False
Suppose 5*r + 18*v = 15*v + 117569, -4*r + 94052 = 4*v. Suppose -1178*c = -1183*c + r. Is c prime?
True
Let z be (-2)/(-3) - -3134*(-3)/(-18). Suppose -g - z = 353. Let t = g + 1355. Is t a prime number?
True
Suppose 2*n - 80380 = -2*f, -120579 = -24*n + 21*n + 6*f. Is n composite?
True
Is (-2)/14*1 - (-1080565488)/2758 composite?
True
Let y(u) be the third derivative of u**6/120 - 7*u**5/30 - 5*u**4/8 + 2*u**3/3 + 27*u**2. Let c be y(15). Is (-30842)/(-21)*6/c composite?
False
Let k(p) = -80*p + 16*p + 22 - 61*p - 166*p - 90*p. Is k(-20) a composite number?
True
Let x(n) = -197*n - 2433. Is x(-76) a prime number?
True
Let w be (-13)/((-234)/4) - 19724/(-18). Let v = 4873 - w. Is v a prime number?
False
Is 3/(-33) + (-204)/(-66) + 42976 a composite number?
False
Let a = -926943 + 1470770. Is a composite?
False
Suppose -k - i + 7134 = 0, -30149 - 5569 = -5*k + i. Is k prime?
False
Suppose 905*t + 913*t = 1828*t - 808810. Is t a composite number?
True
Let l(r) = -r**3 - 34*r**2 + 24*r - 56. Let x = 256 + -293. Is l(x) a prime number?
True
Suppose 6213 = 5*a + 4*m, 0*a + 2*a = -m + 2484. Let y = a - 570. Is y a composite number?
True
Let j(f) = f**3 - 10*f**2 + f - 5. Let l be j(10). Suppose 2*x - 3474 = -l*g, x + 4*g = 1056 + 687. Is x a composite number?
True
Suppose 0 = 8*w - 13*w + 680. Suppose -2*g - 132 = -w. Suppose 7*v = 2*v + g*x + 6255, -4*v = 4*x - 4976. Is v a composite number?
False
Let u = -5854 - -11652. Suppose -2*j = 11*j - u. Is j prime?
False
Let i = 46889 + 28824. Is i prime?
False
Suppose 0*f + 20 = -f + 2*r, -115 = 3*f + 5*r. Let p be -6 + 276/f - 1/(-5). Is 5/p*2 + (-6496)/(-6) prime?
False
Let n = 3605 + -1742. Let r = -1224 + n. Suppose 0 = 4*m - r - 77. Is m a composite number?
False
Let y(v) = v**3 - 15*v**2 - 19*v + 41. Let x be (-14)/5*(-18 - -8). Let a = x + -8. Is y(a) prime?
False
Let b be 0/((-1)/(2/(-4))). Suppose 2*w - 8*w = -2*x - 32, -w = 5*x + 16. Is 19 + w + b + -4 composite?
False
Suppose 0 = -4*c - 4*m + 434748, -3*c - 5*m + 135063 + 190984 = 0. Is c a composite number?
True
Let n(j) = 864*j**3 + 159*j**2 - 5*j + 11. Is n(6) a prime number?
False
Suppose 3*o - 265130 = -4*h, -5*h + 103433 = 3*o - 161696. Is o prime?
False
Let n(p) = 2*p**3 + 34*p**2 + 6*p + 54. Let x be n(-16). Suppose 0 = -x*m + 469*m + 34. Is m a prime number?
False
Let y be ((-3